 5?
4
Suppose -2*k = -w + 27, 60 = k - 4*k - 5*w. Let a = k - -36. Calculate the remainder when 60 is divided by a.
18
Let f(q) = -3*q**3 - q**2 - 7*q + 1. Let k(p) = 4*p**3 + 2*p**2 + 8*p - 1. Let r(j) = 5*f(j) + 4*k(j). What is the remainder when 39 is divided by r(-3)?
9
Suppose 4*m = 4*t - m - 228, -m = -2*t + 108. Calculate the remainder when t is divided by 27.
25
Suppose -6*c = -2*c - 92. Calculate the remainder when c is divided by 5.
3
Let o be (-2)/(-8) + 179/4. Let h = o - 32. What is the remainder when 25 is divided by h?
12
Let f = 2 + -5. Let y(v) = -5*v + 3. What is the remainder when y(f) is divided by 5?
3
Suppose 0*l = -l + 1. Let v(r) = -r**2 - 7*r - 5. Calculate the remainder when (l*9)/(5 - 4) is divided by v(-5).
4
Suppose 0*s + 2*s - 4 = 0. Let c = 0 - s. What is the remainder when (-9)/6*c/1 is divided by 2?
1
Suppose -7 = -4*o + 17. Let v be (-130)/(-8) + 3/(-12). Let a = o + v. Calculate the remainder when a is divided by 8.
6
Suppose 0 = v - 34 - 35. Calculate the remainder when v is divided by 18.
15
Let u(t) = 2*t - 1. Let v be u(2). Let j(l) = 6*l + 10*l + v - 6. Calculate the remainder when j(2) is divided by 10.
9
Suppose o = -u - 3*o + 7, 4*u = 5*o + 49. Suppose 4*m - 18 = 2*h, 2*h = -3*m + 15 - 5. What is the remainder when u is divided by m?
3
Let y be -6*(1 + (-3)/2). Suppose -y*j + 30 = -0*j. What is the remainder when (-4)/(-22) - 392/(-22) is divided by j?
8
Suppose 44 = 3*j - 361. Suppose -2*b - 2*p + p = -60, j = 5*b - 5*p. Calculate the remainder when b is divided by 8.
5
Suppose r + 120 = 3*l + 2*l, r = 4*l - 96. Let n = l - 14. What is the remainder when 19 is divided by n?
9
Suppose 4*r + 2 = -14. Let g = r + 6. Suppose 0 = -3*p - g*p + 80. Calculate the remainder when p is divided by 6.
4
Suppose 25 = 4*f + 5. What is the remainder when 19 is divided by f?
4
Let a = 2 - -7. Let v = a - -1. What is the remainder when 18 is divided by v?
8
Suppose 4*z + 2*a = 24, 5*a = 3*z - 5*z + 4. What is the remainder when z is divided by (16/4 + 2/(-2))*1?
1
Let x(y) = -y**2 + 2*y - 1. Let p be x(1). Let h(k) = k**2 - k - 7. Let b be h(p). Let j = b - -13. Calculate the remainder when j is divided by 4.
2
Suppose 5*n = -5*l + 20, -7*l + 16 = -3*l - 4*n. Suppose l*r = -5*x + 240, -3*r - x + 157 = -3*x. Calculate the remainder when r is divided by 19.
17
Suppose -2*x = -3*q - 44, -96 = -4*x - x + 4*q. Calculate the remainder when x is divided by 6.
4
Suppose 0*k + 20 = -3*g - k, 0 = g + 2*k + 5. Let a = 6 - g. Suppose w - a = -0*w. Calculate the remainder when w is divided by 7.
6
Suppose -5*b + 75 = 4*y, -2*y + 4*b = -4*y + 30. What is the remainder when y is divided by 9?
7
Calculate the remainder when 15 is divided by (-14)/(-6) + 4 - 2/(-3).
1
Let d(m) = m**3 + 12*m**2 + 3. Let s be d(-12). Suppose 4*z + i = -2*i + 60, -s*z + 2*i = -45. Calculate the remainder when 29 is divided by z.
14
Let l(a) = -8*a - 13. Let x be l(-9). Suppose 5*k + m + 3*m = 105, 2*k + 5*m - x = 0. Calculate the remainder when 49 is divided by k.
15
Suppose 52 - 2 = v. What is the remainder when 148 is divided by v?
48
Let i(m) = -2*m + 1 + 5 + m**2 - 1 + 6*m. Let t be i(-4). Suppose 0 = -3*r, -6*r - 50 = -t*w - r. Calculate the remainder when 29 is divided by w.
9
Suppose c = -h + 69, 168 = 2*h + 3*c + 29. What is the remainder when h is divided by 18?
14
Let j(i) = -i**3 - 4*i**2 + i - 2. Suppose 0 = z - 3*u + 17 - 0, -z - 5*u + 15 = 0. What is the remainder when 33 is divided by j(z)?
15
Suppose 4*w - 103 = 57. What is the remainder when w is divided by 14?
12
Let z = -27 + 44. Calculate the remainder when 49 is divided by z.
15
Suppose 0 = -j - 0*j + 3. Calculate the remainder when (-2 + 4)/(-4)*-62 is divided by 17 - 2 - (1 - j).
14
Let l be (8/10)/((-16)/(-40)). Suppose -2*q - 5*a + 3 - 1 = 0, -3*a = l*q - 10. What is the remainder when 20 is divided by q?
9
Suppose 2*y = -0*y + 38. What is the remainder when 55 is divided by y?
17
Let u = 0 - -3. Suppose -u*v - 2 = -5. Calculate the remainder when (-219)/(-12) - v/4 is divided by 10.
8
Suppose 0 = w - 3*q - q - 122, -3*w - 2*q + 310 = 0. Calculate the remainder when w is divided by 54.
52
Let v = 10 + 4. Let i = 27 - v. Calculate the remainder when 25 is divided by i.
12
Let c = 43 + -39. Calculate the remainder when c is divided by 1.
0
Let g = 97 + -47. Let j = g - 12. Suppose 27 = 4*i + 2*f - 39, -4*f - j = -2*i. What is the remainder when 49 is divided by i?
15
Suppose d - 29 = y + 3*y, -3*y = 15. Suppose 30 = 3*n + d. What is the remainder when 19 is divided by n?
5
Suppose -2 = i - 1. What is the remainder when (8 - i)/(-3) + 20 is divided by 6?
5
Suppose 2*z - 5*r = 31, -3*z - 3*r + 10 = -2*z. Suppose 0 = -3*f + f + 14. Calculate the remainder when z is divided by f.
6
Suppose 4*f + 2*y - 206 = 0, 4*f + 0*f - 209 = -3*y. Let l = -78 + 91. What is the remainder when f is divided by l?
11
Calculate the remainder when 34 is divided by 48/(-20)*20/(-8).
4
Suppose -15 = -4*b + 3*z, 18 = 5*b + 3*z - 6*z. What is the remainder when 4/10 + 46/10 is divided by b?
2
Suppose -4*l = l - 240. Calculate the remainder when l is divided by 17.
14
Suppose 5*u - 4 - 12 = x, -2*x + 24 = 4*u. Suppose -h = -6 + 4, 2*h = u*y - 28. Calculate the remainder when 29 is divided by y.
5
Let h be (1 + -2 - -2)*1. Let w = 24 + -10. Calculate the remainder when 38 - h/((-2)/4) is divided by w.
12
Let a be (-2)/(-4) + 15/10. Suppose w = -5*g + 31, 2*g - 3*g = -a*w - 15. Let d = 43 + -24. Calculate the remainder when d is divided by g.
5
Let h = 5 - 0. Suppose -q + 67 = 2*u - 0*q, 0 = h*u + 4*q - 172. What is the remainder when u is divided by 17?
15
Let x(h) = -3*h + 1. Calculate the remainder when x(-3) is divided by 3.
1
Let r(f) = f**2 + 3*f. Let l be r(-4). Suppose 3*b = 5*b - l. What is the remainder when -8*(-1)/b*1 is divided by 3?
1
Let i(o) = o**2 - 2. Let d be i(0). Suppose -43 = -2*s + 2*r + 27, 5*s = 3*r + 181. Calculate the remainder when s is divided by (1/2)/(d/(-52)).
12
Suppose -3*o = o - 12. Suppose -2 = o*c - 2*c. What is the remainder when 3*(30/9 - c) is divided by 9?
7
Let j = 10 - 6. What is the remainder when 11 is divided by j?
3
What is the remainder when 1/3 + ((-15792)/(-18))/8 is divided by 56?
54
Calculate the remainder when 39/5 + 4 + 3/15 is divided by 7.
5
Suppose 5 = -4*x + 37. What is the remainder when (45/6 + 0)*2 is divided by x?
7
What is the remainder when 34 is divided by (-14)/((-9)/((-9)/(-2)))?
6
Suppose 3*t = -5*q + 42, -3*q = q - 2*t - 16. What is the remainder when (16/(-3))/((-2)/q) is divided by 9?
7
Let y = 44 + -30. Calculate the remainder when y is divided by -2 - 0 - -1*10.
6
Let t(i) = -5*i - 1. Calculate the remainder when t(-1) is divided by 2.
0
Suppose -2*l + 42 = 4*i, 0 = 3*l + i - 22 - 36. Calculate the remainder when 73 is divided by l.
16
Suppose 0 = -3*t - 6, 0 = 4*i - 2*i - 2*t - 50. Let q = i - 7. What is the remainder when (-87)/(-6)*(1 + 1) is divided by q?
13
Let u = -52 - -30. Let j = u - -47. Calculate the remainder when j is divided by 2/10 + 320/25.
12
Let j = 118 + -94. What is the remainder when j is divided by 13?
11
Let z(x) = -x + 7. Let s be z(6). Let p(f) = -f**2 + f. Let c(r) = 8*r**2 - 3*r - 1. Let l(g) = c(g) + 4*p(g). What is the remainder when 10 is divided by l(s)?
2
Let f = -15 - -21. Suppose 2*k = 4*k - 20. Calculate the remainder when k is divided by f.
4
Suppose 3*k + 4*p - 30 = 0, -4*k - 2*p + p + 27 = 0. Calculate the remainder when 21 is divided by k.
3
Let o be (-3)/6 - (-82)/(-4). Let l = 13 + o. Calculate the remainder when 36 is divided by 6/l - (-158)/8.
17
Suppose -3*t + 8*t = -15, 108 = 3*u - 3*t. Suppose -2*l = -5 - u. What is the remainder when 35 is divided by l?
16
Let u(x) be the first derivative of x**3 - x**2/2 + x - 1. What is the remainder when 74 is divided by u(3)?
24
What is the remainder when (104/(-20) + 4)/(3/(-250)) is divided by 34?
32
Suppose 21 = 5*w - 14. Calculate the remainder when 25 is divided by w.
4
Suppose -4*s + 23 = 2*t + 5, 3*s - 18 = 3*t. Suppose -3*m - 7 = -106. Let i = -19 + m. Calculate the remainder when i is divided by s.
4
Calculate the remainder when (8/10)/((-336)/(-330) - 1) is divided by 12.
8
Suppose 23*t + 235 = 28*t. Calculate the remainder when t is divided 